 k. What is the remainder when 30 is divided by i?
8
Let l = 88 - 44. Calculate the remainder when l is divided by 12.
8
Let r = 146 - 110. What is the remainder when r is divided by 11?
3
Let u(n) = n + 2. Let z be u(8). Let c = z + -6. Suppose c*t - 20 = 2*t. What is the remainder when t is divided by 4?
2
Let l = 10 - 7. Suppose 4*w + 0*w + 4*c = 16, 0 = 2*w - 3*c - 8. Suppose 16 = 2*j + t, -w*t = 3*j - 3*t - 24. Calculate the remainder when j is divided by l.
2
Suppose z - 44 = -2*y, -4*y - 4*z + 6*z + 80 = 0. What is the remainder when 83 is divided by y?
20
Let z = 31 + -25. Calculate the remainder when 20 is divided by z.
2
Suppose 5*z - 9*z = -24. Suppose -z = -t - t. Calculate the remainder when 6 is divided by t.
0
Suppose f - 72 = -f. Calculate the remainder when f is divided by 19.
17
Let g = -4 + 10. Suppose 2*w - 16 = 36. Suppose -g = -4*a + w. Calculate the remainder when 14 is divided by a.
6
Let x = 5 + -2. Suppose -3*z - 15 = -8*z. Suppose -5*g = 2*t - 48, -z*t + 16 = 2*g - 12. Calculate the remainder when g is divided by x.
2
Let w(g) = 3*g**3 + 2*g**2 - g - 1. Calculate the remainder when w(2) is divided by 17.
12
Suppose -3*m = -6*m + 30. What is the remainder when (-2)/9 - (-670)/18 is divided by m?
7
Let x(y) = -y**3 + 12*y**2 + y + 15. Let t be x(11). Suppose 0 = 4*f + 3*f - t. What is the remainder when 40 is divided by f?
19
Suppose 4*k = -3*a + 29 + 192, a = 2*k - 103. Suppose 0 = -5*f + 40 + 70. Let h = -4 + f. Calculate the remainder when k is divided by h.
17
Let s = 31 + -23. Calculate the remainder when 71 is divided by s.
7
Suppose -2*w + 3*l + 6 = 0, w = -3*w + 5*l + 14. Suppose 2*h = w*h - 148. Calculate the remainder when h is divided by 13.
11
Let l(x) = -5*x - 2. Let y be l(2). Let c = -2 - y. Calculate the remainder when c is divided by 4.
2
Let s = -17 + 19. What is the remainder when 13 is divided by s?
1
Suppose -8 = -3*c - 5*r, -4*c + 37 + 2 = r. Let j = c - 6. What is the remainder when 7 is divided by j?
2
Calculate the remainder when (2/4)/(14/196) is divided by 3.
1
Let i be 9 - (-3 + 6/3). Suppose 3*g = 4*g - i. Calculate the remainder when 28 is divided by g.
8
Suppose -4*t + 12 = -2*t. Let c(s) = s**2 + s + 1. Calculate the remainder when c(-5) is divided by t.
3
Suppose f = -3*r + 69, 0 = -3*f - 4*r + 112 + 85. Suppose f = -4*c + 147. What is the remainder when c is divided by 11?
10
Suppose 0 = 5*r - 5*f - 100, -2*f - 72 = r - 5*r. Let g = 1 + -4. Let k = 33 + g. Calculate the remainder when k is divided by r.
14
Suppose -4*f = -8*f + 176. Calculate the remainder when 175 is divided by f.
43
Let h = 14 - -2. Suppose -j + 153 = -4*n, -j = -2*j + 5*n + 156. Suppose j = -0*p + 3*p. Calculate the remainder when p is divided by h.
15
Let s = -12 + 7. Let q = 10 - s. Let x = -24 + 68. Calculate the remainder when x is divided by q.
14
Let j = 1 + -1. Suppose 4 = b - j*b. Let o = 8 - b. Calculate the remainder when 6 is divided by o.
2
Suppose -10 = -3*c + 20. What is the remainder when 17 is divided by c?
7
Let l = -90 - -161. Calculate the remainder when l is divided by 37.
34
Suppose 4*o - 56 = -4*k - 12, -5*k + 5 = 0. Let a = 24 + -70. Let w = -17 - a. What is the remainder when w is divided by o?
9
Let k be 2 + 3/(-3)*-2. Suppose 106 = k*y - 82. What is the remainder when y is divided by 12?
11
Suppose -5*m + 193 = -537. Suppose -5*d = -2*t + 96, 4*t + 4*d - m = 102. What is the remainder when t is divided by 20?
18
Let h(m) = -2*m + 17. Let s(k) = -k + 8. Let c(i) = 6*h(i) - 11*s(i). Let y be c(7). Let o = y + 4. Calculate the remainder when 31 is divided by o.
9
Let s be 1/3 + 96/9. Suppose 0 = 5*p - 29 - s. Suppose -3*b - p = -n - 5*b, 0 = -2*n + 5*b - 2. Calculate the remainder when n is divided by 2.
0
Let h = 76 - 29. Calculate the remainder when h is divided by 12.
11
Suppose 48 = 4*n - 24. Suppose -u = -2*u + 5*g + n, 0 = 4*u + g - 135. Calculate the remainder when u is divided by 9.
6
Let r(o) = o**2 + 2*o - 4. Let s be r(-2). Let y(m) = 4*m - 3*m + 1 - m - 2*m. Calculate the remainder when 26 is divided by y(s).
8
Let m = 99 + -58. What is the remainder when m is divided by (28/(-6))/((-3)/9)?
13
Suppose 31 = 2*y - 7. Let t = y + 10. What is the remainder when t is divided by 16?
13
Let y = -25 - -67. Suppose s = -3*w + 93, -w + 4*s + 2 = -y. Calculate the remainder when 62 is divided by w.
30
Suppose -2*y + 316 = 48. Calculate the remainder when y is divided by 27.
26
Let i(a) = -2*a. Let q be i(-2). Suppose 3*p - 5*o + o = 10, q*p - o = 22. Calculate the remainder when 4/p + 92/6 is divided by 9.
7
Suppose -4*x - 8 = -80. Calculate the remainder when 50 is divided by x.
14
Let h be (-6)/(-2) - (10 + 1). Let u be 2/h - 4/(-16). Suppose u = 3*b + s - 137 + 30, 3*b = -5*s + 103. Calculate the remainder when b is divided by 19.
17
Let h(t) = -7*t**3 - 11*t**2 - 13*t + 11. Let c(w) = 3*w**3 + 6*w**2 + 6*w - 5. Let z(j) = 5*c(j) + 2*h(j). Calculate the remainder when 34 is divided by z(-7).
16
Suppose -6 = 2*v + 2*n - 2, -n - 6 = 2*v. Let r = 8 + v. Suppose 3*k + 3 = 0, 5*c - 4*k = 51 + 3. Calculate the remainder when c is divided by r.
2
Suppose t - 2*t = 8. Let y = t - -13. Suppose y*o - 16 = -3*n, -13 = -5*o - 4*n - 0*n. Calculate the remainder when 14 is divided by o.
4
Let m be (-57)/2*(-2)/3. Suppose 4*v = -2*u + u + 15, -5*v = u - m. What is the remainder when 59 is divided by ((u - -4) + 7)*2?
19
Suppose 2*h = -5*r + 168, 3*r = -2*r + 2*h + 152. Calculate the remainder when r is divided by 12.
8
Suppose 0 = -3*u + 9, 2*u = -5*n + u + 118. Suppose q - 4*d = 10 - 1, -4*q + 5*d + 47 = 0. What is the remainder when n is divided by q?
10
Let b(y) = -y + 1. Let c be b(8). Let x = 28 + c. Calculate the remainder when 82 is divided by x.
19
Suppose 25*v - 47 = 24*v. What is the remainder when 280 is divided by v?
45
What is the remainder when 45 is divided by 28 + -3 + 2 + -3?
21
Suppose q - 83 + 337 = 4*s, 4*s + 5*q - 266 = 0. Suppose -20 + s = 4*x. Calculate the remainder when 43 is divided by x.
10
Let z(w) = -w**2 + 9*w - 15. Calculate the remainder when 13 is divided by z(6).
1
Suppose -2*k + 5*n + 39 = 0, -5*k + 103 + 12 = 5*n. What is the remainder when k is divided by 6?
4
Let x = -18 + 28. What is the remainder when 116/(-10)*(-5)/2 is divided by x?
9
Let c be 2*2*(-3)/(-6). Let x be (c + 0)*(2 - 3). What is the remainder when (-50)/(-4) - 1/x is divided by 8?
5
Let t(g) = 14*g + 2. Suppose -3*q - 2 = 1. Let f be (1 - (-2)/q)*-3. What is the remainder when t(f) is divided by 15?
14
Suppose 2*w - 12 = -2*w. Let a = w - 1. Calculate the remainder when 34 is divided by a/(-7) + (-86)/(-7).
10
Let f = 9 + 11. Calculate the remainder when 33 is divided by f.
13
Let z(x) = x**2 + 16*x + 4. Let r be z(-15). Let c = 21 + r. What is the remainder when 18 is divided by c?
8
Let v = 18 + -4. Calculate the remainder when 54 is divided by v.
12
Let f = 84 + -62. Calculate the remainder when 84 is divided by f.
18
Let p(d) = 5*d - 1 - 4*d + d**2 + 2*d**2. Let g be p(1). Suppose -g*q - q + 116 = 0. What is the remainder when q is divided by 8?
5
Let h = -13 - -24. Let d = h - 6. Suppose -s + 2*s = 17. Calculate the remainder when s is divided by d.
2
Let v be (-4 - 1)*(-5 + 8). What is the remainder when (54/v)/(8/(-60)) is divided by 10?
7
Let f be ((-204)/(-8))/(6/8). Suppose 4*p - f = 22. What is the remainder when p is divided by 4?
2
Suppose -r - 4*r - 3*p + 90 = 0, 0 = -r - 3*p + 30. Suppose g + 0 = 3. Suppose -116 = -g*m - 32. Calculate the remainder when m is divided by r.
13
Let j(n) be the second derivative of -3*n - 1/12*n**4 - n**2 + 0 + 5/3*n**3. Calculate the remainder when j(7) is divided by 10.
9
Let n(z) = -2*z + 3. Let d be n(3). Suppose -5*v + 9*v + 20 = 0. Let l = d - v. What is the remainder when l is divided by 1?
0
Let q(u) = -u**2 - 9*u - 8. Let z be q(-7). Calculate the remainder when 14 is divided by 26/z + 3/(-9).
2
Suppose -1 = 5*u - 2*x + 4, 2*u + 2 = -5*x. What is the remainder when 48 is divided by u/(-6) + 767/78?
8
Let a = -93 - -109. What is the remainder when 61 is divided by a?
13
Let a(j) = 2*j**2 - 15*j + 5. What is the remainder when a(11) is divided by (-80)/(-15) - 5 - (-124)/6?
19
Suppose 4 + 2 = 3*q. Suppose 3*d - 73 = q*t, 4*d - t + 58 = 7*d. Let